{"id":46,"date":"2012-09-13T13:35:27","date_gmt":"2012-09-13T10:35:27","guid":{"rendered":"http:\/\/www.painters.fi\/taiteenhankintamalli\/?page_id=46"},"modified":"2013-02-13T14:35:37","modified_gmt":"2013-02-13T12:35:37","slug":"6-elinkaari-taideteoksen-myohemmat-vaiheet","status":"publish","type":"page","link":"https:\/\/www.painters.fi\/taiteenhankintamalli\/taidehankinta-rakennushankkeessa-%e2%88%92-taiteenhankintamalli\/6-elinkaari-taideteoksen-myohemmat-vaiheet\/","title":{"rendered":"6 Elinkaari &#8211; taideteoksen my\u00f6hemm\u00e4t vaiheet"},"content":{"rendered":"<h3>6.1 Elinkaari<\/h3>\n<p><strong>Rakennuksen tai taideteoksen elinkaarella tarkoitetaan aikaa valmistumisesta hylk\u00e4\u00e4miseen, purkamiseen tai h\u00e4vitt\u00e4miseen.<\/strong><\/p>\n<p>Paikkaan sidotun taideteoksen elinkaari on sidottu paikan tai rakennuksen elinkaareen. Usein teos on pitk\u00e4ik\u00e4isempi kuin rakennus. Kun taideteos on suunniteltu tilaan, jonka alkuper\u00e4inen k\u00e4ytt\u00f6tarkoitus muuttuu, rakennuksen omistaja vaihtuu, k\u00e4ytt\u00e4j\u00e4 muuttuu t\u00e4ysin toiseksi tai tila teoksen ymp\u00e4rill\u00e4 muuttuu, joudutaan miettim\u00e4\u00e4n uudelleen teoksen omistajuutta ja huolto- ja kunnostusvastuuta sek\u00e4 mahdollisesti teoksen uudelleen sijoitusta.<\/p>\n<p>Ymp\u00e4rist\u00f6taideteosten suunnittelussa, ulos sijoitettavien teosten toteuttamisessa erityisesti ja rakennukseen sijoitetun teoksen osaltakin on otettava huomioon, ett\u00e4 koko ajan tapahtuu jotakin: ymp\u00e4rist\u00f6 muuttuu koko ajan, kaupunkitila muuttuu, katutila muuttuu, rakennuksia korjataan, kylttej\u00e4 lis\u00e4t\u00e4\u00e4n jne.<\/p>\n<p><strong>Sopimuksissa ja huoltokirjassa on syyt\u00e4 m\u00e4\u00e4ritell\u00e4, ett\u00e4 taiteilija saa olla mukana p\u00e4\u00e4tt\u00e4m\u00e4ss\u00e4, mit\u00e4 teokselle tapahtuu muuttuneissa olosuhteissa.<\/strong><\/p>\n<h3>6.2 Taideteoksen hoito ja huolto<\/h3>\n<p><strong>Taideteoksen valmistumisen ja luovuttamisen j\u00e4lkeenkin taideteoksesta ja sen ymp\u00e4rist\u00f6st\u00e4 pit\u00e4\u00e4 huolehtia. T\u00e4m\u00e4 on useimmiten taideteoksen pisin vaihe. Tarvittaessa voidaan joutua konservoimaan teos, jos sen materiaalit tai ripustus- tai kannatusj\u00e4rjestelm\u00e4t v\u00e4syv\u00e4t, siihen kohdistuu ilkivaltaa tai rakennuksessa sattuu esimerkiksi vesivahinko, joka turmelee teoksen. Usein my\u00f6s huolimaton k\u00e4sittely siirrett\u00e4ess\u00e4 voi vaurioittaa teosta.<\/strong><\/p>\n<p>Teoksen kannalta on vaikeinta, jos omistajalla ei ole kokoelmia ja kokoelmanhoitajaa. Paikkaan sidotun taideteoksen luovutuksen j\u00e4lkeen huoltovastuu siirtyy omistajalle, jonka tulee j\u00e4rjest\u00e4\u00e4 vastuuhenkil\u00f6 hoitamaan teosta tai teoksia. Teoksista huolehtimiseen kuuluu my\u00f6s sen ymp\u00e4rist\u00f6st\u00e4 huolehtiminen \u2212 valaistus (kuka vaihtaa polttimot, mink\u00e4 v\u00e4rinen valo valonl\u00e4hteess\u00e4 on), liikkuvat osat, vesiaiheet jne. T\u00e4rke\u00e4\u00e4 on my\u00f6s, ett\u00e4 teoksen v\u00e4litt\u00f6m\u00e4\u00e4n l\u00e4heisyyteen ei sijoiteta h\u00e4iritsevi\u00e4 kylttej\u00e4 tai laitteita.<\/p>\n<h3><strong>6.2.1 Esimerkki: Helsingin kaupungilla olevat taideteokset<\/strong><\/h3>\n<p>Osa Helsingin kaupungilla olevista taideteoksista kuuluvat Helsingin taidemuseon kokoelmiin. Museo huolehtii taideteosten konservoinnista ja korjaamisesta. Korjaamisessa ja konservoinnissa Kaupungin museo k\u00e4ytt\u00e4\u00e4 konsultointiapuna teoksen tehnytt\u00e4 taiteilijaa, sek\u00e4 joskus korjauksen toteutuksessa muita ulkopuolisia tekij\u00f6it\u00e4. Konservointiin ja korjauksiin Kaupungin museolla ei ole erillist\u00e4 m\u00e4\u00e4r\u00e4rahaa, kustannukset katetaan k\u00e4ytt\u00f6m\u00e4\u00e4r\u00e4rahoista. (Haastattelu Helsingin taidemuseo\/Klas Fontell)<\/p>\n<p>Erityisesti talvi aiheuttaa vaurioita (mm.lumenluonti) taideteoksille ja niit\u00e4 joudutaan tarvittaessa suojaamaan.<\/p>\n<p><a href=\"https:\/\/www.painters.fi\/taiteenhankintamalli\/wp-content\/uploads\/2012\/09\/ernst_billgren_kohtauspaikat.jpg\"><img loading=\"lazy\" decoding=\"async\" class=\"wp-image-463   alignnone\" title=\"Ernst Billgren: &quot;Kohtauspaikat&quot;, Kampintori Helsinki 1998. Teos vaurioitui lumenluontien yhteydess\u00e4 ja korjattiin my\u00f6hemmin. Kuva: Taidemaalariliitto\" src=\"https:\/\/www.painters.fi\/taiteenhankintamalli\/wp-content\/uploads\/2012\/09\/ernst_billgren_kohtauspaikat.jpg\" alt=\"\" width=\"799\" height=\"600\" srcset=\"https:\/\/www.painters.fi\/taiteenhankintamalli\/wp-content\/uploads\/2012\/09\/ernst_billgren_kohtauspaikat.jpg 850w, https:\/\/www.painters.fi\/taiteenhankintamalli\/wp-content\/uploads\/2012\/09\/ernst_billgren_kohtauspaikat-300x225.jpg 300w\" sizes=\"auto, (max-width: 799px) 100vw, 799px\" \/><\/a><a href=\"http:\/\/www.taidemuseo.fi\/suomi\/veisto\/veistossivu.html?id=135\" target=\"_blank\">&gt;&gt;Helsingin taidemuseo, Ernst Billgren<\/a><\/p>\n<p>&nbsp;<\/p>\n<p><img loading=\"lazy\" decoding=\"async\" class=\"alignnone\" title=\"Helsingin Sanomat 13.1.2011.\" src=\"http:\/\/www.art360.fi\/taiteen-hankintamalli\/wp-content\/uploads\/2011\/02\/Arantila-196x600.jpg\" alt=\"\" width=\"196\" height=\"600\" \/><\/p>\n<p>&nbsp;<\/p>\n<p><a href=\"https:\/\/www.painters.fi\/taiteenhankintamalli\/wp-content\/uploads\/2012\/09\/jukka_tuominen.jpg\"><img loading=\"lazy\" decoding=\"async\" class=\"wp-image-468 alignnone\" title=\"Jukka Tuominen: Arvo Ylp\u00f6n muistomerkki &quot;Hopeinen puu&quot; L\u00e4\u00e4k\u00e4riliiton edess\u00e4 S\u00f6rn\u00e4isiss\u00e4 Helsingiss\u00e4. Teos t\u00f6hrittiin my\u00f6hemmin ja puhdistettiin. Kuva: Taidemaalariliitto\" src=\"https:\/\/www.painters.fi\/taiteenhankintamalli\/wp-content\/uploads\/2012\/09\/jukka_tuominen.jpg\" alt=\"\" width=\"600\" height=\"450\" srcset=\"https:\/\/www.painters.fi\/taiteenhankintamalli\/wp-content\/uploads\/2012\/09\/jukka_tuominen.jpg 850w, https:\/\/www.painters.fi\/taiteenhankintamalli\/wp-content\/uploads\/2012\/09\/jukka_tuominen-300x225.jpg 300w\" sizes=\"auto, (max-width: 600px) 100vw, 600px\" \/><\/a><a href=\"http:\/\/www.laakarilehti.fi\/uutinen.html?opcode=show\/news_id=8611\/type=1\" target=\"_blank\"> &gt;&gt; L\u00e4\u00e4k\u00e4rilehti: Arvo Ylp\u00f6n muistomerkki<\/a><\/p>\n<h3>6.3 M\u00e4\u00e4r\u00e4aikaiset teokset<\/h3>\n<p>Paikkaan sidottu taideteos voi olla my\u00f6s m\u00e4\u00e4r\u00e4aikainen tai tilap\u00e4inen, vaikka rakennukselle tai paikalle ei sin\u00e4ns\u00e4 tapahdu mit\u00e4\u00e4n muutoksia.<\/p>\n<p>&nbsp;<\/p>\n<p><img loading=\"lazy\" decoding=\"async\" title=\"Kaarina Kaikkonen: El\u00e4m\u00e4npolkuja \u2212 Paths of life, 2011. Teos sijaitsi Galerie Forsblomin edustalla Helsingiss\u00e4 gallerian uusien toimitilojen avajaisten aikoihin. Kuva: Galerie Forsblom.\" src=\"http:\/\/www.art360.fi\/taiteen-hankintamalli\/wp-content\/uploads\/2011\/02\/KaarinaKaikkonen-400x600.jpg\" alt=\"\" width=\"400\" height=\"600\" \/><br \/>\n<\/p>\n","protected":false},"excerpt":{"rendered":"<p>6.1 Elinkaari Rakennuksen tai taideteoksen elinkaarella tarkoitetaan aikaa valmistumisesta hylk\u00e4\u00e4miseen, purkamiseen tai h\u00e4vitt\u00e4miseen. Paikkaan sidotun taideteoksen elinkaari on sidottu paikan tai rakennuksen elinkaareen. Usein teos on pitk\u00e4ik\u00e4isempi kuin rakennus. Kun taideteos on suunniteltu tilaan, jonka alkuper\u00e4inen k\u00e4ytt\u00f6tarkoitus muuttuu, rakennuksen omistaja &hellip; <a href=\"https:\/\/www.painters.fi\/taiteenhankintamalli\/taidehankinta-rakennushankkeessa-%e2%88%92-taiteenhankintamalli\/6-elinkaari-taideteoksen-myohemmat-vaiheet\/\">Continue reading <span class=\"meta-nav\">&rarr;<\/span><\/a><\/p>\n","protected":false},"author":4,"featured_media":0,"parent":34,"menu_order":5,"comment_status":"closed","ping_status":"open","template":"","meta":{"footnotes":""},"class_list":["post-46","page","type-page","status-publish","hentry"],"_links":{"self":[{"href":"https:\/\/www.painters.fi\/taiteenhankintamalli\/wp-json\/wp\/v2\/pages\/46","targetHints":{"allow":["GET"]}}],"collection":[{"href":"https:\/\/www.painters.fi\/taiteenhankintamalli\/wp-json\/wp\/v2\/pages"}],"about":[{"href":"https:\/\/www.painters.fi\/taiteenhankintamalli\/wp-json\/wp\/v2\/types\/page"}],"author":[{"embeddable":true,"href":"https:\/\/www.painters.fi\/taiteenhankintamalli\/wp-json\/wp\/v2\/users\/4"}],"replies":[{"embeddable":true,"href":"https:\/\/www.painters.fi\/taiteenhankintamalli\/wp-json\/wp\/v2\/comments?post=46"}],"version-history":[{"count":39,"href":"https:\/\/www.painters.fi\/taiteenhankintamalli\/wp-json\/wp\/v2\/pages\/46\/revisions"}],"predecessor-version":[{"id":1377,"href":"https:\/\/www.painters.fi\/taiteenhankintamalli\/wp-json\/wp\/v2\/pages\/46\/revisions\/1377"}],"up":[{"embeddable":true,"href":"https:\/\/www.painters.fi\/taiteenhankintamalli\/wp-json\/wp\/v2\/pages\/34"}],"wp:attachment":[{"href":"https:\/\/www.painters.fi\/taiteenhankintamalli\/wp-json\/wp\/v2\/media?parent=46"}],"curies":[{"name":"wp","href":"https:\/\/api.w.org\/{rel}","templated":true}]}}