{"id":38,"date":"2012-09-13T13:32:38","date_gmt":"2012-09-13T10:32:38","guid":{"rendered":"http:\/\/www.painters.fi\/taiteenhankintamalli\/?page_id=38"},"modified":"2013-01-15T11:41:38","modified_gmt":"2013-01-15T09:41:38","slug":"2-valmistelu","status":"publish","type":"page","link":"https:\/\/www.painters.fi\/taiteenhankintamalli\/taidehankinta-rakennushankkeessa-%e2%88%92-taiteenhankintamalli\/2-valmistelu\/","title":{"rendered":"2 Valmistelu"},"content":{"rendered":"<p><strong>Valmisteluvaiheessa\u00a0<\/strong><strong>taideprojekti\u00a0<\/strong><strong>liitet\u00e4\u00e4n\u00a0<\/strong><strong>konkreettisesti uuden rakennuksen tai olemassa olevan rakennuksen peruskorjauksen hankesuunnitelmaan. Rakennukseen integroidun taideteoksen toteuttaminen edellytt\u00e4\u00e4 yhteisty\u00f6t\u00e4 ja yhteisten tavoitteiden sek\u00e4 yhteisen kielen l\u00f6yt\u00e4mist\u00e4 rakennuttajan, suunnittelijoiden\u00a0 ja taideprojektin vet\u00e4j\u00e4n v\u00e4lill\u00e4. Valmisteluvaiheessa taideprojektia koskevista sovituista asioista kootaan taideprojektin ohjelma, joka liitet\u00e4\u00e4n rakennuksen hankesuunnitelmaan.\u00a0<\/strong><\/p>\n<p>Rakennushankkeen\u00a0hankesuunnitteluvaiheessa tarkennetaan tarveselvitykseen kirjatut asiat hankesuunnitelmaan. Ne asetetaan rakennussuunnittelun tavoitteiksi.\u00a0<strong>Taidehankintojen\u00a0<\/strong><strong>tulee olla mukana hankesuunnitelman kustannusarviossa.<\/strong>\u00a0Hankesuunnitelman perusteella tehd\u00e4\u00e4n p\u00e4\u00e4t\u00f6s rakennussuunnittelun aloittamisesta.<\/p>\n<h3>2.1 Yhteinen kieli, taidetoiveet, tavoitteet<\/h3>\n<p><strong>Taideprojektin valmisteluvaiheessa pyrit\u00e4\u00e4n l\u00f6yt\u00e4m\u00e4\u00e4n yhteinen kieli toimijoiden v\u00e4lille, l\u00e4hinn\u00e4 keskustelemalla, esimerkkien avulla, tutustumalla toteutettuihin kohteisiin kuvallisesti ja kirjallisesti. Eri mahdollisuuksia tarkastelemalla selvitet\u00e4\u00e4n, mit\u00e4 halutaan ja mink\u00e4 tyyppinen taide voisi olla mahdollista rakennushankkeessa.<\/strong><\/p>\n<p>Eri ammattikunnat k\u00e4ytt\u00e4v\u00e4t omaa ammattisanastoaan ja omia mielikuviaan asioiden k\u00e4sittelemisess\u00e4. Taideprojektin tuominen\u00a0mukaan\u00a0rakentamisen maailmaan edellytt\u00e4\u00e4 kaikilta osapuolita avoimuutta ja sovittelukyky\u00e4.<\/p>\n<p>Taideteos on aina uniikki, ja taideprojektin toteuttaminen rakennushankkeessa on aina erilaista sen mukaan, millainen rakennushanke on kyseess\u00e4, miten rakennushanke ja taideprojekti l\u00e4htev\u00e4t liikkeelle, mink\u00e4laisia ihmisi\u00e4 osallistuu yhteisty\u00f6h\u00f6n ja p\u00e4\u00e4t\u00f6ksentekoon sek\u00e4 mit\u00e4 tietoja tarvitaan eri p\u00e4\u00e4t\u00f6ksentekovaiheissa.\u00a0Rakennushankkeet voivat poiketa toisistaan kooltaan ja k\u00e4yt\u00f6lt\u00e4\u00e4n: asuintalot, toimistotalot, muut liikerakennukset, urheilutilat, koulut, sairaalat ja hoitolaitokset, ty\u00f6tilat, tehtaat, omakotitalot, asunnot jne.<\/p>\n<h3>2.2 Taideprojektin valmistelun osapuolet<\/h3>\n<p><strong>Taideprojektin valmistelun osapuolia ovat vet\u00e4j\u00e4n\u00e4 toimiva taidekent\u00e4n tuntija, tilaaja, jota yleens\u00e4 edustaa rakennushankkeen vet\u00e4j\u00e4, rakennuksen suunnittelijat ja k\u00e4ytt\u00e4jien edustajat.<\/strong><\/p>\n<h3><strong>2.2.1 Tilaaja<\/strong><\/h3>\n<p><strong>Taideteoksen \u00a0tilaaja voi olla valtio, kunta, kuntainliitto, seurakunta, rakennusliike, yksityinen liikeyritys, yksityinen kertarakennuttaja, yhdistys tai n\u00e4iden kaikkien yhdistelm\u00e4.\u00a0<\/strong>Isoissa hankkeissa tilaajaa edustaa rakennuttamiseen erikoistunut henkil\u00f6, yleens\u00e4 rakennuttajainsin\u00f6\u00f6ri, joka toimii koko hankkeen projektinvet\u00e4j\u00e4n\u00e4.<\/p>\n<p>Rakennushankkeen tilaajan asiantuntijoita ovat arkkitehti, joka vastaa rakennuksen kokonaissuunnitelmasta, ja erityissuunnittelijat, joita ovat rakennesuunnittelija, LVI- ja s\u00e4hk\u00f6suunnittelijat ja muut asiantuntijat rakennuskohteen mukaan.<\/p>\n<p>Rakennushankkeen hankesuunnitteluvaiheessa tulevien k\u00e4ytt\u00e4jien edustajat ovat yleens\u00e4 mukana tilaajan hankesuunnitteluryhm\u00e4ss\u00e4. My\u00f6s taideprojektin valmistelussa rakennuksen k\u00e4ytt\u00f6tarkoitus ja tulevat k\u00e4ytt\u00e4j\u00e4t tulee ottaa huomioon, koska taideprojektin toteuttamisen kannalta on oleellista, ett\u00e4 my\u00f6s k\u00e4ytt\u00e4j\u00e4t hyv\u00e4ksyv\u00e4t taideteoksen.<\/p>\n<h3><strong>2.2.2 Taideprojektin vet\u00e4j\u00e4<\/strong><\/h3>\n<p><strong>Kunnallisten hankkeiden<\/strong><strong>\u00a0valmisteluvaiheessa taideprojektin vet\u00e4j\u00e4 on kaupungin taidemuseo (taidemuseoissa yleens\u00e4 asiantuntija on taidehistorioitsija, joka tuntee alueensa taiteilijat) tai muu kulttuuritoimi, maakunnallisissa rakennushankkeissa aluetaidemuseo tai\u00a0 l\u00e4\u00e4nin taidetoimikunta.<\/strong>\u00a0Taidetoimikunnassa on mukana ammattitaiteilijoita. L\u00e4\u00e4nintaiteilijoiksi valitaan m\u00e4\u00e4r\u00e4ajaksi eri alojen taiteilijoita. Monissa kaupungeissa on vakiintunut k\u00e4yt\u00e4nt\u00f6 tilakeskusten (rakentamisyksik\u00f6iden) ja taidemuseoiden v\u00e4lill\u00e4 prosenttitaidehankkeiden toteuttamiseksi, esimerkiksi Oulussa, Helsingiss\u00e4, Salossa ja Turussa.<\/p>\n<p><strong>Rakennuttaja voi palkata hankkeisiin taidekoordinaattorin organisoimaan suuria, monen taiteilijan toteuttamia taidehankintoja.<\/strong>\u00a0Taidekent\u00e4n tuntemus on oleellista koordinaattorin ty\u00f6ss\u00e4.<\/p>\n<p>Arabianrannan taidekoordinaattorina Helsingiss\u00e4 toimi arkkitehti ja taiteilija; Turun T-sairaalan taidehankinnoista Turussa vastaa taidekoordinaattori, joka on \u00a0taiteentuottaja ja taiteilija. Alueen tai monen rakennuttajan rakennushankkeen taidehankintojen suunnittelusta voi my\u00f6s vastata tilaajan palkkaama konsultti. Leinel\u00e4n taidesuunnitelmat Vantaalla ovat taiteilijoiden laatimat, \u00a0Keh\u00e4radan taidesuunnitelman on tehnyt konsulttiyritys, jonka palveluksessa on taiteilija. Konsulttiyritys voi olla my\u00f6s taiteilijan, arkkitehdin ja tuottajan yhteinen yritys, jolla on oma taiteilijaryhm\u00e4ns\u00e4 ja portfoliokokoelmansa.<\/p>\n<p><strong>V\u00e4litt\u00e4j\u00e4asiantuntijan roolia voivat hoitaa my\u00f6s paikalliset taiteilijayhdistykset.\u00a0<\/strong>\u00a0Taidelainaamojen avulla hankitun paikallisia taiteilijoita koskevan hiljaisen tiedon lis\u00e4ksi yhdistyksill\u00e4 on mahdollisuus auttaa taiteilijaa rakennusprojekteihin osallistumisessa ja yhteisty\u00f6ss\u00e4 hankkeen arkkitehtien kanssa.<\/p>\n<p>N\u00e4ihin erilaisiin taidehankinnan valmistelun kustannuksiin pit\u00e4\u00e4 olla my\u00f6s varaus taidebudjetissa.<\/p>\n<h3><strong>2.3 Taideprojektin vet\u00e4j\u00e4n rooli<\/strong><\/h3>\n<p><strong>Taideprojektin vet\u00e4j\u00e4 on mukana hankeneuvotteluissa ja hankesuunnitteluty\u00f6ryhm\u00e4ss\u00e4 asiantuntijana<\/strong>. Vet\u00e4j\u00e4n teht\u00e4v\u00e4n\u00e4 on visualisoida taiteen mahdollisuudet rakennuttajille ja hankkeen muille osapuolille. Hankesuunnittelussa ja hankesuunnitteluryhm\u00e4ss\u00e4 voi olla aivan eri henkil\u00f6it\u00e4 mukana kuin tarvesuunnitteluvaiheessa.<\/p>\n<p>Vet\u00e4j\u00e4 selvitt\u00e4\u00e4 taideprojektin kustannusraamit ja ajoitukset, mahdolliset etenemistavat taiteilijavalinnoissa ja p\u00e4\u00e4t\u00f6ksenteossa. H\u00e4n kartoittaa taideprojektin kannalta oleelliset hanketiedot, osapuolet ja tavoitteet. Vet\u00e4j\u00e4 kirjaa sovitut asiat\u00a0yhteen taideohjelmaksi tai taideprojektisuunnitelmaksi, joka sis\u00e4ltyy kokonaisuudessaan hankesuunnitelmaan tai\u00a0on\u00a0ainakin mukana hankesuunnitelman kustannusarviossa.<\/p>\n<p>Kun rakennushankkeen hankep\u00e4\u00e4t\u00f6s, johon taideprojekti sis\u00e4ltyy, on tehty ja rakennussuunnittelu p\u00e4\u00e4tetty aloittaa, taideprojektin vet\u00e4j\u00e4 valmistelee taideprojektin jatkumisen. H\u00e4n varmistaa, ett\u00e4 rakennushankkeessa on nimetty yhteyshenkil\u00f6, joka vastaa yhteydenpidosta taideprojektin vet\u00e4j\u00e4\u00e4n ja tietojen v\u00e4littymisest\u00e4 taideprojektin ja rakennushankkeen v\u00e4lill\u00e4.<\/p>\n<p>&nbsp;<\/p>\n<p><img loading=\"lazy\" decoding=\"async\" title=\"Anitta Ruotsalainen: W\u00e4in\u00f6n ja Ainon talkootanssi, 2011. Teos sijaitsee Turun Hirvensalossa Vason kiinteist\u00f6ss\u00e4 ja on osa Saarten Triennaali 2011-kulttuurip\u00e4\u00e4kaupunkihanketta.   \" src=\"http:\/\/www.art360.fi\/taiteen-hankintamalli\/wp-content\/uploads\/2011\/02\/AnittaRuotsalainen2-600x401.jpg\" alt=\"\" width=\"600\" height=\"401\" \/><\/p>\n<h3>2.4 Taiteilijan rooli<\/h3>\n<p><strong>Taiteilija ja taideprojekti voivat tulla mukaan rakennushankkeeseen miss\u00e4 tahansa vaiheessa. Taiteilija tai taiteilijaryhm\u00e4t voivat toimia taideprojektin aloitteentekij\u00f6in\u00e4 koko hankkeen aikana muistuttamalla rakennuttajia ja muita rakennushankkeen toimijoita taiteen mahdollisuuksista.<\/strong><\/p>\n<p>Taiteilija voi my\u00f6s toimia rakennuttajan asiantuntijana p\u00e4\u00e4t\u00f6ksentekovaiheissa tai esimerkiksi palkattuna konsulttina taideprojektin vet\u00e4j\u00e4n\u00e4 hankesuunnitteluvaiheessa.<\/p>\n<p>Taiteilija voi my\u00f6s toimia taideprojektin ohjausryhm\u00e4ss\u00e4 tai projektin p\u00e4\u00e4tt\u00e4viss\u00e4 elimiss\u00e4 (vertaisarviointi). T\u00e4llaisia tilanteita ovat esimerkiksi toimiminen taidekilpailujen juryss\u00e4, taidetoimikunnissa tai lausunnonantajana jossain hankkeessa taiteilijaj\u00e4rjest\u00f6iss\u00e4.<\/p>\n<h3><strong>2.5 Taideohjelma<\/strong><\/h3>\n<p><strong>Rakennushankkeen tarveselvityksest\u00e4 sen toteutukseen voi kulua monta vuotta ja n\u00e4in\u00a0osallistuvat henkil\u00f6tkin voivat vaihtua<\/strong>. Mik\u00e4li kohteen suunnitteluteht\u00e4v\u00e4t kilpailutetaan hankkeen eri vaiheissa, toteuttamisvaiheen arkkitehti ja muut suunnittelijat voivat olla aivan eri henkil\u00f6it\u00e4 kuin suunnittelun alussa.<\/p>\n<p><strong>Pitkien aikataulujen ja henkil\u00f6iden mahdollisen vaihtuvuuden takia erilaiset taideprojektia koskevat asiat on hyv\u00e4 kirjata omaksi taideohjelmaksi, joka on hyv\u00e4 liitt\u00e4\u00e4 hankesuunnitelmaan<\/strong>. Hankesuunnitelman kustannusarviossa pit\u00e4\u00e4 olla varaus taidehankinnalle, koska muuten sen toteuttaminen voi olla hyvin vaikeaa.<\/p>\n<p><strong>Taideohjelmaan kirjataan\u00a0<\/strong><strong>taidehankinnan projektisuunnitelma (<\/strong><strong>esim. taidekilpailun ohjelma).<\/strong>\u00a0Siin\u00e4 voidaan mainita esimerkiksi<\/p>\n<ul>\n<li>minne ja millaiseen tilaan teokset tulevat (sis\u00e4- vai ulkotila)<\/li>\n<li>millaista k\u00e4ytt\u00f6\u00e4 tilalla on; k\u00e4ytt\u00e4j\u00e4ryhm\u00e4t<\/li>\n<li>taidetoiveet; mit\u00e4 lis\u00e4merkityst\u00e4 taideteoksen odotetaan tuovan rakennukseen<\/li>\n<li>mit\u00e4 rajoituksia rakennus ja sen k\u00e4ytt\u00f6 asettavat taideteokselle ja sen toteuttamiselle<\/li>\n<li>aikataulut<\/li>\n<li>mill\u00e4 tavalla taideteos toteutetaan (erillisen\u00e4 taideurakkana tai osana rakennus- tai sisustusurakkaa tai muuta urakkaa)<\/li>\n<li>osapuolet<\/li>\n<li>miten taideprojekti toteutetaan, kuka toimii v\u00e4litt\u00e4j\u00e4n\u00e4<\/li>\n<li>kuka p\u00e4\u00e4tt\u00e4\u00e4 teosvalinnoista<\/li>\n<li>miten taiteilija valitaan, kilpailu, suora tilaus tai jokin muu tapa<\/li>\n<li>kustannusraamit, miten paljon rakennushankkeen budjetista varataan taidehankintoihin (prosenttiperiaate) tai miten muuten taidehankinnat rahoitetaan.<\/li>\n<\/ul>\n\n","protected":false},"excerpt":{"rendered":"<p>Valmisteluvaiheessa\u00a0taideprojekti\u00a0liitet\u00e4\u00e4n\u00a0konkreettisesti uuden rakennuksen tai olemassa olevan rakennuksen peruskorjauksen hankesuunnitelmaan. Rakennukseen integroidun taideteoksen toteuttaminen edellytt\u00e4\u00e4 yhteisty\u00f6t\u00e4 ja yhteisten tavoitteiden sek\u00e4 yhteisen kielen l\u00f6yt\u00e4mist\u00e4 rakennuttajan, suunnittelijoiden\u00a0 ja taideprojektin vet\u00e4j\u00e4n v\u00e4lill\u00e4. Valmisteluvaiheessa taideprojektia koskevista sovituista asioista kootaan taideprojektin ohjelma, joka liitet\u00e4\u00e4n rakennuksen hankesuunnitelmaan.\u00a0 &hellip; <a href=\"https:\/\/www.painters.fi\/taiteenhankintamalli\/taidehankinta-rakennushankkeessa-%e2%88%92-taiteenhankintamalli\/2-valmistelu\/\">Continue reading <span class=\"meta-nav\">&rarr;<\/span><\/a><\/p>\n","protected":false},"author":4,"featured_media":0,"parent":34,"menu_order":1,"comment_status":"closed","ping_status":"open","template":"","meta":{"footnotes":""},"class_list":["post-38","page","type-page","status-publish","hentry"],"_links":{"self":[{"href":"https:\/\/www.painters.fi\/taiteenhankintamalli\/wp-json\/wp\/v2\/pages\/38","targetHints":{"allow":["GET"]}}],"collection":[{"href":"https:\/\/www.painters.fi\/taiteenhankintamalli\/wp-json\/wp\/v2\/pages"}],"about":[{"href":"https:\/\/www.painters.fi\/taiteenhankintamalli\/wp-json\/wp\/v2\/types\/page"}],"author":[{"embeddable":true,"href":"https:\/\/www.painters.fi\/taiteenhankintamalli\/wp-json\/wp\/v2\/users\/4"}],"replies":[{"embeddable":true,"href":"https:\/\/www.painters.fi\/taiteenhankintamalli\/wp-json\/wp\/v2\/comments?post=38"}],"version-history":[{"count":14,"href":"https:\/\/www.painters.fi\/taiteenhankintamalli\/wp-json\/wp\/v2\/pages\/38\/revisions"}],"predecessor-version":[{"id":555,"href":"https:\/\/www.painters.fi\/taiteenhankintamalli\/wp-json\/wp\/v2\/pages\/38\/revisions\/555"}],"up":[{"embeddable":true,"href":"https:\/\/www.painters.fi\/taiteenhankintamalli\/wp-json\/wp\/v2\/pages\/34"}],"wp:attachment":[{"href":"https:\/\/www.painters.fi\/taiteenhankintamalli\/wp-json\/wp\/v2\/media?parent=38"}],"curies":[{"name":"wp","href":"https:\/\/api.w.org\/{rel}","templated":true}]}}