{"id":123,"date":"2012-11-13T14:28:41","date_gmt":"2012-11-13T12:28:41","guid":{"rendered":"http:\/\/www.painters.fi\/taiteenhankintamalli\/?page_id=123"},"modified":"2013-02-08T09:41:16","modified_gmt":"2013-02-08T07:41:16","slug":"stenberg-taneli","status":"publish","type":"page","link":"https:\/\/www.painters.fi\/taiteenhankintamalli\/esimerkkeja-taideprojekteista\/stenberg-taneli\/","title":{"rendered":"Stenberg Taneli"},"content":{"rendered":"<h2><strong>Kattomaalaus yksityistaloon ja sein\u00e4maalaukset kerrostaloon<\/strong><\/h2>\n<p><a href=\"https:\/\/www.painters.fi\/taiteenhankintamalli\/wp-content\/uploads\/2012\/11\/taneli_stenberg1.jpg\"><img loading=\"lazy\" decoding=\"async\" class=\"alignnone  wp-image-291\" title=\"Taneli Stenberg: kattomaalaus yksityistaloon, Benalmadena Torrequeprada, Espanja 2010\" src=\"https:\/\/www.painters.fi\/taiteenhankintamalli\/wp-content\/uploads\/2012\/11\/taneli_stenberg1.jpg\" alt=\"\" width=\"529\" height=\"396\" srcset=\"https:\/\/www.painters.fi\/taiteenhankintamalli\/wp-content\/uploads\/2012\/11\/taneli_stenberg1.jpg 850w, https:\/\/www.painters.fi\/taiteenhankintamalli\/wp-content\/uploads\/2012\/11\/taneli_stenberg1-300x225.jpg 300w\" sizes=\"auto, (max-width: 529px) 100vw, 529px\" \/><\/a><\/p>\n<h3>Kattomaalaus yksityistaloon<\/h3>\n<p><strong>Perustiedot\u00a0<\/strong><br \/>\nTaiteilija: Taneli Stenberg <a href=\"http:\/\/www.tanelistenberg.com\/\">&gt;&gt; Taneli Stenberg<\/a><br \/>\nHankkeen nimi: kattomaalaus<br \/>\nSijainti: Benalmadena Torrequeprada<br \/>\nTilaaja: Antti Salovaara<br \/>\nHankkeen suunnittelu alkoi: talvi 2009<br \/>\nHanke toteutui: 2010 marraskuussa<\/p>\n<p><a href=\"https:\/\/www.painters.fi\/taiteenhankintamalli\/wp-content\/uploads\/2012\/11\/taneli_stenberg.jpg\"><img loading=\"lazy\" decoding=\"async\" class=\"alignnone  wp-image-679\" title=\"Taneli Stenberg: kattomaalaus yksityistaloon, Benalmadena Torrequeprada, Espanja 2010\" src=\"https:\/\/www.painters.fi\/taiteenhankintamalli\/wp-content\/uploads\/2012\/11\/taneli_stenberg.jpg\" alt=\"\" width=\"292\" height=\"227\" \/><\/a><\/p>\n<h3>Projektin k\u00e4yt\u00e4nn\u00f6n etenemisest\u00e4<\/h3>\n<p>Vuonna 2010 Espanjaan toteutettiin yksityishuvilaan peruskorjauksen yhteydess\u00e4 24 neli\u00f6metrin kattomaalaus.<br \/>\nKattomaalaus maalattiin 7 metrin korkeuteen. Maalaamista varten pystytettiin telineet.<\/p>\n<h3><strong>Sein\u00e4maalaukset valmiiseen kerrostaloon<\/strong><\/h3>\n<p><a href=\"https:\/\/www.painters.fi\/taiteenhankintamalli\/wp-content\/uploads\/2012\/11\/taneli_stenberg_ville_hautaluoma3.jpg\"><img loading=\"lazy\" decoding=\"async\" class=\"alignnone  wp-image-296\" title=\"Ty\u00f6ryhm\u00e4: Taneli Stenberg, Ville Hautaluoma, sein\u00e4maalaukset valmiiseen kerrostaloon Poriin 2007\" src=\"https:\/\/www.painters.fi\/taiteenhankintamalli\/wp-content\/uploads\/2012\/11\/taneli_stenberg_ville_hautaluoma3.jpg\" alt=\"\" width=\"530\" height=\"353\" srcset=\"https:\/\/www.painters.fi\/taiteenhankintamalli\/wp-content\/uploads\/2012\/11\/taneli_stenberg_ville_hautaluoma3.jpg 850w, https:\/\/www.painters.fi\/taiteenhankintamalli\/wp-content\/uploads\/2012\/11\/taneli_stenberg_ville_hautaluoma3-300x200.jpg 300w\" sizes=\"auto, (max-width: 530px) 100vw, 530px\" \/><\/a><br \/>\n<strong>Perustiedot<\/strong><br \/>\nTy\u00f6ryhm\u00e4: Taneli Stenberg, Ville Hautaluoma<br \/>\nHankkeen nimi: sein\u00e4maalaukset valmiiseen kerrostaloon<br \/>\nSijainti: Pori<br \/>\nHankkeen suunnittelu alkoi: 2007<br \/>\nHanke toteutui: 2007<\/p>\n<h3>Projektin k\u00e4yt\u00e4nn\u00f6n etenemisest\u00e4<\/h3>\n<p>Kummatkin tekij\u00f6ist\u00e4 voittivat sein\u00e4maalaus -kilpailun Kankaanp\u00e4\u00e4n taidekoulussa. T\u00e4m\u00e4n johdosta paikallinen rakennusyhti\u00f6 kutsui heid\u00e4t tekem\u00e4\u00e4n maalauksia kerrostalon rappuihin.<\/p>\n<p><a href=\"https:\/\/www.painters.fi\/taiteenhankintamalli\/wp-content\/uploads\/2012\/11\/taneli_stenberg_ville_hautaluoma4.jpg\"><img loading=\"lazy\" decoding=\"async\" class=\"alignnone  wp-image-297\" title=\"Ty\u00f6ryhm\u00e4: Taneli Stenberg, Ville Hautaluoma sein\u00e4maalaukset valmiiseen kerrostaloon Poriin 2007\" src=\"https:\/\/www.painters.fi\/taiteenhankintamalli\/wp-content\/uploads\/2012\/11\/taneli_stenberg_ville_hautaluoma4.jpg\" alt=\"\" width=\"530\" height=\"353\" srcset=\"https:\/\/www.painters.fi\/taiteenhankintamalli\/wp-content\/uploads\/2012\/11\/taneli_stenberg_ville_hautaluoma4.jpg 850w, https:\/\/www.painters.fi\/taiteenhankintamalli\/wp-content\/uploads\/2012\/11\/taneli_stenberg_ville_hautaluoma4-300x200.jpg 300w\" sizes=\"auto, (max-width: 530px) 100vw, 530px\" \/><\/a><br \/>\n<\/p>\n","protected":false},"excerpt":{"rendered":"<p>Kattomaalaus yksityistaloon ja sein\u00e4maalaukset kerrostaloon Kattomaalaus yksityistaloon Perustiedot\u00a0 Taiteilija: Taneli Stenberg &gt;&gt; Taneli Stenberg Hankkeen nimi: kattomaalaus Sijainti: Benalmadena Torrequeprada Tilaaja: Antti Salovaara Hankkeen suunnittelu alkoi: talvi 2009 Hanke toteutui: 2010 marraskuussa Projektin k\u00e4yt\u00e4nn\u00f6n etenemisest\u00e4 Vuonna 2010 Espanjaan toteutettiin yksityishuvilaan &hellip; <a href=\"https:\/\/www.painters.fi\/taiteenhankintamalli\/esimerkkeja-taideprojekteista\/stenberg-taneli\/\">Continue reading <span class=\"meta-nav\">&rarr;<\/span><\/a><\/p>\n","protected":false},"author":4,"featured_media":0,"parent":74,"menu_order":42,"comment_status":"closed","ping_status":"closed","template":"","meta":{"footnotes":""},"class_list":["post-123","page","type-page","status-publish","hentry"],"_links":{"self":[{"href":"https:\/\/www.painters.fi\/taiteenhankintamalli\/wp-json\/wp\/v2\/pages\/123","targetHints":{"allow":["GET"]}}],"collection":[{"href":"https:\/\/www.painters.fi\/taiteenhankintamalli\/wp-json\/wp\/v2\/pages"}],"about":[{"href":"https:\/\/www.painters.fi\/taiteenhankintamalli\/wp-json\/wp\/v2\/types\/page"}],"author":[{"embeddable":true,"href":"https:\/\/www.painters.fi\/taiteenhankintamalli\/wp-json\/wp\/v2\/users\/4"}],"replies":[{"embeddable":true,"href":"https:\/\/www.painters.fi\/taiteenhankintamalli\/wp-json\/wp\/v2\/comments?post=123"}],"version-history":[{"count":23,"href":"https:\/\/www.painters.fi\/taiteenhankintamalli\/wp-json\/wp\/v2\/pages\/123\/revisions"}],"predecessor-version":[{"id":1327,"href":"https:\/\/www.painters.fi\/taiteenhankintamalli\/wp-json\/wp\/v2\/pages\/123\/revisions\/1327"}],"up":[{"embeddable":true,"href":"https:\/\/www.painters.fi\/taiteenhankintamalli\/wp-json\/wp\/v2\/pages\/74"}],"wp:attachment":[{"href":"https:\/\/www.painters.fi\/taiteenhankintamalli\/wp-json\/wp\/v2\/media?parent=123"}],"curies":[{"name":"wp","href":"https:\/\/api.w.org\/{rel}","templated":true}]}}