{"id":115,"date":"2012-11-13T14:26:31","date_gmt":"2012-11-13T12:26:31","guid":{"rendered":"http:\/\/www.painters.fi\/taiteenhankintamalli\/?page_id=115"},"modified":"2013-02-08T09:41:58","modified_gmt":"2013-02-08T07:41:58","slug":"vainio-tiina-ja-minna-maija-lappalainen","status":"publish","type":"page","link":"https:\/\/www.painters.fi\/taiteenhankintamalli\/esimerkkeja-taideprojekteista\/vainio-tiina-ja-minna-maija-lappalainen\/","title":{"rendered":"Vainio Tiina ja Minna Maija Lappalainen"},"content":{"rendered":"<h2>Velkuan Teersalon rannan tori-ja puistoalueen rakentaminen<\/h2>\n<h3><a href=\"https:\/\/www.painters.fi\/taiteenhankintamalli\/wp-content\/uploads\/2012\/11\/tiina_vainio1.jpg\"><img loading=\"lazy\" decoding=\"async\" class=\"alignnone  wp-image-418\" title=\"Tiina Vainio, Minna Maija Lappalainen: ymp\u00e4rist\u00f6taideteos Velkuan Teersalon torille- ja puistoalueelle, 2007. Kuva: Tiina Vainio\" src=\"https:\/\/www.painters.fi\/taiteenhankintamalli\/wp-content\/uploads\/2012\/11\/tiina_vainio1.jpg\" alt=\"\" width=\"692\" height=\"518\" srcset=\"https:\/\/www.painters.fi\/taiteenhankintamalli\/wp-content\/uploads\/2012\/11\/tiina_vainio1.jpg 1000w, https:\/\/www.painters.fi\/taiteenhankintamalli\/wp-content\/uploads\/2012\/11\/tiina_vainio1-300x225.jpg 300w\" sizes=\"auto, (max-width: 692px) 100vw, 692px\" \/><\/a><\/h3>\n<h3>Perustiedot<\/h3>\n<p>Ty\u00f6ryhm\u00e4: Minna Maija Lappalainen <a href=\"http:\/\/www.minnamaijalappalainen.net\/\">&gt;&gt; Minna Maja Lappalainen<\/a> ja Tiina Vainio<br \/>\n<a href=\"http:\/\/www.tiinavainio.fi\/\">&gt;&gt; Tiina Vainio<\/a><br \/>\nHankkeen nimi: Velkuan Teersalon rannan tori- ja puistoalueen rakentaminen<br \/>\nSijainti: Velkuan Teersalon ranta<br \/>\nTilaaja: Velkuan kunta<br \/>\nRakennuttaja: Velkuan kunta<br \/>\nArkkitehti: kuvataiteilijat Minna Maija Lappalainen ja Tiina Vainio<br \/>\nHankkeen suunnittelu alkoi: 2006<br \/>\nHanke toteutui: 2007 kev\u00e4\u00e4ll\u00e4<\/p>\n<p><a href=\"https:\/\/www.painters.fi\/taiteenhankintamalli\/wp-content\/uploads\/2012\/11\/tiina_vainio2.jpg\"><img loading=\"lazy\" decoding=\"async\" class=\"alignnone  wp-image-420\" title=\"Tiina Vainio, Minna Maija Lappalainen: Hiekkalaatikon rakentaminen ymp\u00e4rist\u00f6taideteokseen Velkuan Teersalon torille- ja puistoalueelle, 2007. Kuva: Tiina Vainio\" src=\"https:\/\/www.painters.fi\/taiteenhankintamalli\/wp-content\/uploads\/2012\/11\/tiina_vainio2.jpg\" alt=\"\" width=\"693\" height=\"519\" srcset=\"https:\/\/www.painters.fi\/taiteenhankintamalli\/wp-content\/uploads\/2012\/11\/tiina_vainio2.jpg 1000w, https:\/\/www.painters.fi\/taiteenhankintamalli\/wp-content\/uploads\/2012\/11\/tiina_vainio2-300x225.jpg 300w\" sizes=\"auto, (max-width: 693px) 100vw, 693px\" \/><\/a><\/p>\n<h3>Projektin k\u00e4yt\u00e4nn\u00f6n etenemisest\u00e4 ja asukkaiden kuulemisesta<\/h3>\n<p>Minna Maija Lappalainen ja Tiina Vainio tekiv\u00e4t Turun saaristossa sijaitsevan Velkuan kunnan (Velkuan kunta muuttui osaksi Naantalia vuonna 2009) Teersalon rantaan puisto- ja torialuesuunnitelman, joka toteutettiin vuonna 2007.<br \/>\nEdellisen\u00e4 vuonna oli j\u00e4rjestetty ymp\u00e4rist\u00f6taideprojekti Ars\u00d6, jonka<br \/>\nkoordinaattorina toimi Minna Maija Lappalainen. T\u00e4ll\u00f6in Velkuan kunnanjohtaja ja<br \/>\nLappalainen alkoivat ideoida Velkuan ongelmalliselle keskustassa sijaitsevalle<br \/>\nalueelle uutta ilmett\u00e4 ja k\u00e4ytt\u00f6tarkoitusta. Projekti sai alkunsa yksitt\u00e4isten<br \/>\nihmisten innostuksesta ja keskusteluista. Minna Maija Lappalainen toimi projektin alullepanijana ja kokosi ty\u00f6ryhm\u00e4n, joka ryhtyi suunnittelemaan ja toteuttamaan projektia.<\/p>\n<p>Lappalainen ja Vainio olivat olleet samassa taidekoulussa samalla luokalla, joten he tunsivat hyvin toisensa ja olivat aiemminkin tehneet yhteisty\u00f6t\u00e4. T\u00e4ss\u00e4 hankkeessa ty\u00f6njako oli selv\u00e4. Lappalainen oli toiminut projektin alullepanijana, suunnitelmat he tekiv\u00e4t yhdess\u00e4 ja Vainio sek\u00e4 valvoi toteutuksen ett\u00e4 oli osittain mukana itse k\u00e4yt\u00e4nn\u00f6n toteutuksessa.<br \/>\nHe ovat molemmat tehneet lavastuksia, ymp\u00e4rist\u00f6- ja yhteis\u00f6taidetta, mutta eiv\u00e4t<br \/>\naiemmin puisto- tai ulkoalueiden suunnitelmia.<\/p>\n<p>Entinen joutomaa-alue kunnostettiin kuntalaisten ja kes\u00e4asukkaiden yhteiseksi virkistys- ja torialueeksi sek\u00e4 kunnan k\u00e4yntikortiksi. Kunnan keskustassa sijainneelle alueelle oli tehty jo useita uudisk\u00e4ytt\u00f6suunnitelmia, mutta ne kaikki olivat kaatuneet asukkaiden vastustukseen. Lappalainen ja Vainio j\u00e4rjestiv\u00e4t heti hankkeen alussa tilaisuuden, johon kutsuttiin kaikki asiasta kiinnostuneet kertomaan toiveistaan puisto- ja torialueen suhteen. Paikalle tulivat aktiivisimmat kuntalaiset, ja tunnelma oli eritt\u00e4in s\u00e4hk\u00f6inen. Koko asiaan kohdistui selv\u00e4 negatiivinen lataus, koska pel\u00e4ttiin taiteilijoiden esitt\u00e4v\u00e4n liian erikoisia suunnitelmia. Kokouksessa perustettiin ohjausryhm\u00e4, johon kuuluivat mm. \u00e4\u00e4nekk\u00e4imm\u00e4t kuntalaiset ja rahoittajien edustajista Velkuan kunta ja EU:n edustaja. Kiihke\u00e4n tilaisuuden j\u00e4lkeen Lappalainen ja Vainio pohtivat kuntalaisten ajatuksia ja p\u00e4\u00e4ttiv\u00e4t pit\u00e4\u00e4 lis\u00e4\u00e4 kaikille avoimia tilaisuuksia. Ty\u00f6n edetess\u00e4 he kertoivat ajoissa, millaisia suunnitelmia heill\u00e4 oli ja mit\u00e4 asukkaiden ehdotuksista oli tarkoitus toteuttaa ja mik\u00e4 oli aikataulu. Lappalainen ja Vainio tapasivat ohjausryhm\u00e4n viisi\u2013kymmenen kertaa virallisesti. Lis\u00e4ksi he t\u00f6rm\u00e4siv\u00e4t ohjausryhm\u00e4l\u00e4isiin ep\u00e4virallisissa merkeiss\u00e4 useita kertoja varsinkin toteutuksen\u00a0yhteydess\u00e4.<\/p>\n<p>Asukkaiden ideoinnin pohjalta he mm. siirsiv\u00e4t tielinjausta, hoitivat tielle valaistuksen, torimyyjille vedettiin kiinte\u00e4 s\u00e4hk\u00f6 ja lasten hiekkalaatikkoon asennettiin kissaverkko. Kaikki olivat tyytyv\u00e4isi\u00e4. He korostivat, ett\u00e4 kuntalaisten aloitteet ja mielipiteet my\u00f6s vaikuttivat lopputulokseen, toisin sanoen he eiv\u00e4t pelk\u00e4st\u00e4\u00e4n antaneet heid\u00e4n puhua, vaan ottivat my\u00f6s heid\u00e4n ajatuksiaan konkreettisin seurauksin huomioon. Toisaalta kuntalaisilta tuli my\u00f6s useita ehdotuksia, joita ei toteutettu, koska Lappalainen ja Vainio eiv\u00e4t olleet pelk\u00e4st\u00e4\u00e4n paikallisten asukkaiden ideoiden toteuttajia, vaan he vastasivat hankkeen visuaalisesta ja taiteellisesta kokonaisilmeest\u00e4. He perustelivat kuntalaisille, miksi jokin idea ei toteutunut. Kaiken kaikkiaan he kokivat, ett\u00e4 yhteydet asukkaisiin ja projektin lopullisen muodon hiominen heid\u00e4n kanssaan olivat antoisia.<\/p>\n<p>Suunnitelmassa noudatettiin kolmea periaatetta: ekologisuutta, asukkaiden mielipiteiden huomioon ottoa ja paikallisuutta. Joutomaa muuttui kuntalaisten olohuoneeksi, toriksi, puistoksi ja lasten leikkipaikaksi. Koivujen varjostaman torin p\u00e4\u00e4llystyksess\u00e4 k\u00e4ytettiin Lappalaisen ja Vainion suunnittelemia Teersalon rantaa varten valmistettuja merensinist\u00e4 s\u00e4vy\u00e4 olevia laattoja, kaikkiaan nelj\u00e4\u00e4 eri s\u00e4vy\u00e4. Lasten leikkipaikan kalusteet teetettiin Lappalaisen ja Vainion suunnitelmien mukaisesti Rym\u00e4ttyl\u00e4ss\u00e4 valmistettavasta Durat-kierr\u00e4tysmuovista. Rannan kivi- ja sorapuutarha on luonnonmukaista vihersuunnittelua.<\/p>\n<p>Projektissa olennaisen t\u00e4rke\u00e4\u00e4 oli my\u00f6s toimiva ty\u00f6ryhm\u00e4. Ty\u00f6ryhm\u00e4\u00e4n kuului mm. pitk\u00e4n ty\u00f6kokemuksen omaava insin\u00f6\u00f6ri, joka lis\u00e4si paikallisten luottamusta projektin onnistumiseen sek\u00e4 auttoi Lappalaista ja Vainiota rakennusteknisiss\u00e4 ongelmatilanteissa. Taiteeseen my\u00f6nteisesti suhtautuva puutarha-alan yritt\u00e4j\u00e4 puistorakentamisen toteuttajana oli my\u00f6s eritt\u00e4in t\u00e4rke\u00e4 jo pelk\u00e4st\u00e4\u00e4n my\u00f6nteisen asenteen vuoksi.<br \/>\nLappalainen ja Vainio osallistuivat my\u00f6s jonkin verran konkreettisen ty\u00f6n tekemiseen paikan p\u00e4\u00e4ll\u00e4. T\u00e4m\u00e4 ja oikea asenne paikallisia kohtaan oli olennainen projektin onnistumisen kannalta. Ty\u00f6h\u00f6n palkattiin paikallisia mahdollisimman paljon: kaivinkoneyritt\u00e4j\u00e4 oli tuttu asukkaille, kierr\u00e4tysmuovinen hiekkalaatikko tuli l\u00e4hikunnan yritt\u00e4j\u00e4lt\u00e4 jne. Koko projektin toteutuksessa apuna oli kes\u00e4ty\u00f6ntekij\u00f6it\u00e4 kunnasta. Projektin kuluessa pidettiin talkoop\u00e4iv\u00e4, joka oli l\u00e4hinn\u00e4 mets\u00e4alueen siivoamista. Koko projektin valmistuttua pidettiin juhlat kaikille kuntalaisille. Tarjoilu tilattiin torialueen vieress\u00e4 olevalta pizza-yritt\u00e4j\u00e4lt\u00e4.<\/p>\n<p>Lappalainen ja Vainio oppivat, ett\u00e4 kannattaa antaa k\u00e4ytt\u00e4jille mahdollisuus esitt\u00e4\u00e4 kantansa mahdollisimman varhaisessa vaiheessa. Se rauhoittaa heit\u00e4. K\u00e4ytt\u00e4jien mielipiteit\u00e4 kannattaa kuunnella ja hioa mahdollisesti suunnitelmia sen mukaan. On syyt\u00e4 muistaa, ett\u00e4 on itse kuitenkin taiteilija, ei k\u00e4ytt\u00e4jien suunnitelmien eteenp\u00e4in viej\u00e4 \u2013 varsinkin pienell\u00e4 paikkakunnalla paikallisilta saa ep\u00e4virallista tietoa, joka edesauttaa projektin joustavaa etenemist\u00e4.<\/p>\n<p>Hankkeessa ei ollut suuria ongelmakohtia. Vainio oli paljon l\u00e4sn\u00e4 ty\u00f6maalla ja<br \/>\nosallistui my\u00f6s jonkin verran itse k\u00e4yt\u00e4nn\u00f6n toteutukseen. Sujuva yhteisty\u00f6<br \/>\npaikallisten rakennusmiesten, puutarhayritt\u00e4jien, tavarantoimittajien, asukkaiden ja<br \/>\nvierailijoiden kanssa edellytti hyvi\u00e4 sosiaalisia taitoja.<\/p>\n<p><a href=\"https:\/\/www.painters.fi\/taiteenhankintamalli\/wp-content\/uploads\/2012\/11\/tiina_vainio3.jpg\"><img loading=\"lazy\" decoding=\"async\" class=\"alignnone  wp-image-422\" title=\"Tiina Vainio, Minna Maija Lappalainen: Ymp\u00e4rist\u00f6taideteoksesta hiekkalaatikko Durat-kierr\u00e4tysmuovi Velkuan Teersalon torille- ja puistoalueelle, 2007. Kuva: Tiina Vainio\" src=\"https:\/\/www.painters.fi\/taiteenhankintamalli\/wp-content\/uploads\/2012\/11\/tiina_vainio3.jpg\" alt=\"\" width=\"692\" height=\"502\" srcset=\"https:\/\/www.painters.fi\/taiteenhankintamalli\/wp-content\/uploads\/2012\/11\/tiina_vainio3.jpg 850w, https:\/\/www.painters.fi\/taiteenhankintamalli\/wp-content\/uploads\/2012\/11\/tiina_vainio3-300x218.jpg 300w\" sizes=\"auto, (max-width: 692px) 100vw, 692px\" \/><\/a><\/p>\n<h3>Hankkeen budjetointi ja reunaehdot<\/h3>\n<p>Suunnittelijat, Lappalainen ja Vainio, hoitivat my\u00f6s budjettiasiat. Kaiken<br \/>\nkaikkiaan organisaatio haluttiin pit\u00e4\u00e4 pienen\u00e4 ja joustavana. Koska kyseess\u00e4 oli<br \/>\npieni kunta, s\u00e4\u00e4styttiin suurten kuntien raskaalta byrokratialta. Hankkeessa oli<br \/>\nmukana my\u00f6s EU-rahaa. T\u00e4m\u00e4 ei kuitenkaan aiheuttanut suurta byrokratiaa suunnittelijoille.<\/p>\n<p>Projektin kokonaissumma oli hankkeen alussa tiedossa. Yksi rahoittajista edellytti, ett\u00e4 taiteella<br \/>\npiti olla olennainen osuus toteutuksessa. Toisaalta Lappalainen ja Vainio toimivat niin ekonomisesti, ett\u00e4 v\u00e4h\u00e4n rahaa j\u00e4i yli projektin valmistuttua. T\u00e4ll\u00e4 rahalla he ostivat katuvalaisimia<br \/>\nseuraavana vuonna kunnostetun k\u00e4velypolun varteen.<br \/>\nAlun alkaen oli selv\u00e4\u00e4, mit\u00e4 alueella pit\u00e4isi olla: leikkipaikka lapsille, ev\u00e4iden<br \/>\nsy\u00f6ntipaikka ja istuskelupakka, tori tai kokoontumisalue, paikka myyntikojuille,<br \/>\nistutuksia jne. N\u00e4m\u00e4 ehdot eiv\u00e4t vaikeuttaneet vaan auttoivat hahmottamaan<br \/>\ntilannetta ja tarpeita.<\/p>\n<p><a href=\"https:\/\/www.painters.fi\/taiteenhankintamalli\/wp-content\/uploads\/2012\/11\/tiina_vainio4.jpg\"><img loading=\"lazy\" decoding=\"async\" class=\"alignnone  wp-image-425\" title=\"Tiina Vainio, Minna Maija Lappalainen: Ymp\u00e4rist\u00f6taideteoksesta polku Velkuan Teersalon torille- ja puistoalueelle, 2007. Kuva: Tiina Vainio\" src=\"https:\/\/www.painters.fi\/taiteenhankintamalli\/wp-content\/uploads\/2012\/11\/tiina_vainio4.jpg\" alt=\"\" width=\"691\" height=\"718\" srcset=\"https:\/\/www.painters.fi\/taiteenhankintamalli\/wp-content\/uploads\/2012\/11\/tiina_vainio4.jpg 850w, https:\/\/www.painters.fi\/taiteenhankintamalli\/wp-content\/uploads\/2012\/11\/tiina_vainio4-288x300.jpg 288w\" sizes=\"auto, (max-width: 691px) 100vw, 691px\" \/><\/a><br \/>\n<\/p>\n","protected":false},"excerpt":{"rendered":"<p>Velkuan Teersalon rannan tori-ja puistoalueen rakentaminen Perustiedot Ty\u00f6ryhm\u00e4: Minna Maija Lappalainen &gt;&gt; Minna Maja Lappalainen ja Tiina Vainio &gt;&gt; Tiina Vainio Hankkeen nimi: Velkuan Teersalon rannan tori- ja puistoalueen rakentaminen Sijainti: Velkuan Teersalon ranta Tilaaja: Velkuan kunta Rakennuttaja: Velkuan kunta &hellip; <a href=\"https:\/\/www.painters.fi\/taiteenhankintamalli\/esimerkkeja-taideprojekteista\/vainio-tiina-ja-minna-maija-lappalainen\/\">Continue reading <span class=\"meta-nav\">&rarr;<\/span><\/a><\/p>\n","protected":false},"author":4,"featured_media":0,"parent":74,"menu_order":50,"comment_status":"closed","ping_status":"closed","template":"","meta":{"footnotes":""},"class_list":["post-115","page","type-page","status-publish","hentry"],"_links":{"self":[{"href":"https:\/\/www.painters.fi\/taiteenhankintamalli\/wp-json\/wp\/v2\/pages\/115","targetHints":{"allow":["GET"]}}],"collection":[{"href":"https:\/\/www.painters.fi\/taiteenhankintamalli\/wp-json\/wp\/v2\/pages"}],"about":[{"href":"https:\/\/www.painters.fi\/taiteenhankintamalli\/wp-json\/wp\/v2\/types\/page"}],"author":[{"embeddable":true,"href":"https:\/\/www.painters.fi\/taiteenhankintamalli\/wp-json\/wp\/v2\/users\/4"}],"replies":[{"embeddable":true,"href":"https:\/\/www.painters.fi\/taiteenhankintamalli\/wp-json\/wp\/v2\/comments?post=115"}],"version-history":[{"count":23,"href":"https:\/\/www.painters.fi\/taiteenhankintamalli\/wp-json\/wp\/v2\/pages\/115\/revisions"}],"predecessor-version":[{"id":1333,"href":"https:\/\/www.painters.fi\/taiteenhankintamalli\/wp-json\/wp\/v2\/pages\/115\/revisions\/1333"}],"up":[{"embeddable":true,"href":"https:\/\/www.painters.fi\/taiteenhankintamalli\/wp-json\/wp\/v2\/pages\/74"}],"wp:attachment":[{"href":"https:\/\/www.painters.fi\/taiteenhankintamalli\/wp-json\/wp\/v2\/media?parent=115"}],"curies":[{"name":"wp","href":"https:\/\/api.w.org\/{rel}","templated":true}]}}